 7*h + h. Let o = h + 2170. Is o a composite number?
False
Let v(j) = 3*j**3 + 4*j**2 - 5*j - 4. Let l be v(-4). Let r = 119 + l. Suppose 3*c - r*c + z + 4847 = 0, -4*z - 6067 = -5*c. Is c prime?
False
Suppose -p + 8385 = 4*y + y, 3*p - y - 25203 = 0. Suppose -5*b + p = -6295. Is b a prime number?
True
Let c be 0*-2*(-5)/(-10). Suppose -u = -5*v + 10, c*u + u - 11 = -2*v. Is (-4793)/(-3) + (-2)/v composite?
False
Is 4 - 25/(-20)*81908 prime?
False
Suppose -w = 2*n - 4778, 3*n + 19060 = 4*w - 2*n. Let q = w + 8679. Is q a composite number?
True
Let t(d) = 113*d**2 - 188*d - 19. Is t(6) composite?
True
Suppose 5*u + 3*g - 2379725 = 0, 3*u - 1427835 = 35*g - 37*g. Is u a prime number?
False
Let v(z) = 522*z**2 + 546*z - 7. Is v(6) a prime number?
False
Let p(w) = 70*w - 172. Let s be p(-24). Let d = s - -2901. Is d a prime number?
True
Suppose 20 = 4*x, 0 = -b + 5*x - 3*x - 10. Suppose 0 = k - b*k - 6521. Is k prime?
True
Suppose 3*a = -2*k + 3 + 6, -3*a + 9 = -2*k. Suppose 0*m - 7*m + 35 = k. Suppose -4*c = 5*h - 11955, -5*h + m*c = -h - 9605. Is h composite?
True
Suppose 0 = 1283*x - 1294*x + 93643. Is x prime?
True
Suppose 5*b = h + 18746, -252*b - 3*h + 7495 = -250*b. Is b composite?
True
Suppose 15*s = 710330 - 183020. Suppose 5*r + 23427 = 2*c, -3*c + 4*r = r - s. Is c a prime number?
False
Let v(o) = -20*o - 30665. Let n(g) = -39*g - 61338. Let q(y) = -6*n(y) + 11*v(y). Is q(0) prime?
True
Let j be 0/1 + 2*6 + 2. Suppose -5*b + 3*s + j = 4*s, -b + 2*s = 6. Is b*677 + (-30)/(-10) a prime number?
False
Suppose 0 = 8*v + 58141 - 1658069. Is v composite?
True
Let a(q) be the third derivative of 397*q**5/60 + q**4/6 + 11*q**3/3 - 225*q**2. Is a(3) a prime number?
True
Let t(n) = -31*n + 61. Let u be t(3). Is (-368568)/u + -5 + 1/4 a prime number?
False
Let p be -27*(678/6 - -8). Let q = 16690 - p. Is q prime?
False
Let u = -17352 - -40737. Suppose -10*z + u = 5*z. Is z composite?
False
Suppose 3*b + 45 = -4*y, y - 41 = 3*b + 4. Is 3366 - (-3)/(b/(-25)) prime?
True
Let x(b) = -771*b - 38. Let h(w) = 769*w + 37. Let z(a) = 3*h(a) + 4*x(a). Is z(-6) a composite number?
False
Let z(m) = 652*m**2 - 65*m + 296. Is z(13) a prime number?
True
Let l = 37581 - -23554. Is l a composite number?
True
Suppose 44*h + 14*h + 7819973 - 38310399 = 0. Is h prime?
True
Suppose -74*r + 820768 = -10489540. Is r a composite number?
True
Let r be (-5 + -1)*(-160)/(-60). Let n be (2 - 16/12)*(2 - r). Let b(h) = 3*h**2 + 5*h - 13. Is b(n) composite?
False
Let z = -158177 + 432280. Is z prime?
True
Let h = 171 + -168. Suppose h*o - 5*o = 3*n - 1582, 2*o + 522 = n. Is n composite?
True
Let h(i) = 4*i**2 + 27*i**2 - 13 + i**2 - 27*i. Let n be h(-12). Suppose 0 = 12*t - n + 467. Is t composite?
True
Let m(h) = -h**3 + 2*h**2 - 2*h - 4. Let p be m(-1). Is 26800 - (p/(-3))/((-41)/(-123)) prime?
True
Let z = 45 + -39. Suppose z*i - 10012 = 17630. Suppose 2*b - 430 = -g + 487, b + i = 5*g. Is g a composite number?
True
Let q be ((-2 - 166)/(-2))/((-3)/140). Let u be 3/(-2)*q/(-60). Is (-98840)/u + (-3)/(-7) a prime number?
True
Let h be ((-63)/42)/(2/20*-1). Let m(u) = 15 - u**3 + u + h*u**2 - 1 - 12*u**2. Is m(-7) a prime number?
False
Let t = -27150 - -38025. Is 34 + t - (-2 + 8) composite?
False
Suppose 4*j - 68158 = -51*f + 52*f, 2*f - 34094 = -2*j. Is j composite?
False
Suppose -9*a = -5*a + 4. Let n be a/(16/(-84)) + (-4)/16. Suppose n*g = 4*t - 3899, 0 = 2*t + 2*g + 3*g - 1927. Is t a composite number?
False
Suppose -5575 = 9*l - 14*l. Suppose f + l = 5*u, 2*u - 4*f - 892 = -2*u. Is u a composite number?
False
Let m = -1506 + 1511. Let x(p) = -5 + 505*p - 14 - 9. Is x(m) a prime number?
False
Let i = 17 + 130. Let t = i - -71. Suppose 0 = 4*s - t - 354. Is s a prime number?
False
Let d be 0/((-6)/3 + -1). Suppose d = -5*i - 2*i + 14. Suppose 3509 = i*k - 1065. Is k a prime number?
True
Let a(n) = -8559*n + 1606. Is a(-27) a prime number?
True
Suppose 42*i - 8025041 = 6868839 - 3140306. Is i a prime number?
True
Let l be 96/(-72) + 9818/6. Suppose l = d - 4*o, 2*d - 3*o = -2*o + 3277. Is d a composite number?
True
Is (4/(-70))/(4/(-20)) - 30963702/(-294) a composite number?
False
Let z be 30/12 + 1/(-2). Suppose -z*c + 101896 = 4*b - 53546, 2*c + 2 = 0. Is b composite?
False
Suppose 8*p + 59303 = 9*p + 2*w, -p + 2*w + 59327 = 0. Is p prime?
False
Let p(f) = 1514*f**2 + 336*f - 5356. Is p(15) prime?
False
Suppose 3*h + 2*t = 1166, 5*t - 2094 = -5*h - 159. Suppose -3*n - 1900 + 559 = 0. Let r = h - n. Is r composite?
False
Let c(j) = 3*j + 3. Let p be c(-2). Suppose 7*a - 2507 = -13854. Is a/p - (5 + (-17)/3) a prime number?
True
Suppose 0 = 3*k + 5*c - 17, 0*k = -k + 3*c - 13. Is k/((6/8394)/(-1)) a prime number?
True
Suppose 5*b - 133128 = i, 13608 = b - i - 13012. Is b a composite number?
False
Let x(h) = 1801*h**3 - 2*h**2 + 5*h - 3. Suppose 5*a + 6 - 11 = 0. Is x(a) a composite number?
False
Suppose 165*q + 5*c + 752230 = 170*q, -q - 2*c = -150443. Is q prime?
False
Suppose 2*d = -u + 8, -3*u = 4*d + u - 12. Suppose 2*r - 5*o - 24771 = 0, -4*r + d*o + 39971 + 9546 = 0. Is r a composite number?
False
Let f be 1832/(-8) + -4*(-1)/1. Is (-47674)/(-5) + (-45)/f a prime number?
False
Let x = -10871 - -25036. Suppose 27*w - 32*w = -x. Is w a prime number?
True
Let p = -41 - -30. Let i(y) = y**2 - 6*y + 4. Let a be i(4). Let g = a - p. Is g composite?
False
Let t = -51 + 51. Let q(b) = b**3 - b**2 + 2*b. Let p be q(t). Suppose -m + 178 + 235 = p. Is m prime?
False
Is ((-18)/171)/((-12)/114)*523261 a composite number?
False
Suppose 7*q - 703045 = -a + 1267514, 8 = -2*a. Is q a prime number?
True
Let y(n) = 18760*n + 911. Is y(2) a composite number?
False
Let s = -1442691 + 2033674. Is s a prime number?
True
Suppose 12*u + 102895 = 7*u. Let k = u + 30608. Is k composite?
True
Let s(m) = m + 4*m + m + 6 - 4*m. Let i be s(-6). Is (132/(4 + i))/(0 - 2) a composite number?
True
Let x(u) = -5*u - 33. Let l be x(-7). Suppose -2*g - 9700 = -l*f, f - 14*g + 18*g = 4835. Is f a prime number?
False
Let s = 280 + -280. Suppose 0 = -3*d - 2*u + 2679, -9*d + s*u + 8049 = 2*u. Is d a composite number?
True
Suppose -165*z = 201*z - 95515386. Is z prime?
False
Let o(p) = 125*p**3 + 19*p**2 - 9*p - 7. Is o(6) prime?
False
Suppose -32*a + 63*a = 34*a - 56319. Is a a prime number?
True
Suppose -2 = -z - b + 5, -5*b + 7 = z. Let s(o) = 109*o - 2. Is s(z) composite?
False
Let a be 4 + (0 - 0/(-4)). Suppose -4*r = -2*c - 0*c - a, 2*c - 6 = -r. Suppose -1009 = c*z - 6887. Is z prime?
True
Suppose -87 = -7*n - 17. Let j be 170/(-50) - (-4)/n. Is ((-5 - -4) + -40)*j prime?
False
Let o = -20 + 21. Let z(v) = 2162*v**2 + 14*v - 15. Is z(o) composite?
False
Let k = 89894 + 46655. Is k composite?
True
Let m be 27135/5 - (-22 - -14). Suppose 0 = -r + 3*l + 1, -13 = -5*r - 2*l + 9. Suppose 4*w + k - m = 4*k, -12 = -r*k. Is w composite?
False
Let r be (36/5)/((-2607)/220 + 12). Suppose 49*w - r*w - 2789 = 0. Is w composite?
False
Let g be 3 + -1 - (-7 + 6 + -1). Let l(p) = -p**3 + 4*p**2 - 3*p. Let t be l(2). Is t/(-8) + 4125/g a composite number?
False
Let q(x) = -1858*x + 723. Is q(-14) composite?
True
Let f be 30/(-40) + (-8603)/(-4). Let m = -621 + f. Is m prime?
False
Suppose 4 = 5*h + 3*d, h - 13*d = -14*d. Is ((-3163)/h)/(-4 + (-35)/(-10)) a prime number?
True
Let b = 1523 + -972. Let x = 722 + b. Is x a composite number?
True
Let s = -82476 + 223295. Is s a prime number?
False
Let p = 135 + -95. Suppose 21*z + 9367 = p*z. Is z a composite number?
True
Suppose 911*x = 962*x - 3055971. Is x prime?
True
Suppose 237*j + 255656 = 245*j. Is j a prime number?
True
Let p(h) = -8*h - 45 + 0*h + 784 + 5*h. Let f be p(0). Suppose 0 = k + 5*w - 914, -5*k + 2*w + 3831 = -f. Is k a prime number?
False
Suppose h = -14*w + 18*w - 10, 2*w + 3*h = 12. Suppose w*o = 7*o - 5*x - 45323, o + 5*x = 11362. Is o a composite number?
True
Let n = 675 - 476. Suppose -n*x + 205*x - 2868 = 0. Is x composite?
True
Let w(r) = 48*r**2 + 10*r - 5. Suppose -3*t - 24 = -3*f, 4*f + 13 = -22*t + 21*t. Is w(t) composite?
False
Let d(c) = c**2 + 8*c + 15. Suppose -b - 3*f + 9 = 0, b = -5*f + 21 - 2. Let r be d(b). Suppose 6*x - r*x = 1137. Is x composite?
False
Let u = -30 - -38. Suppose 4*g = -4*c - 95788, 0 = -5*c + 17 + u. Is 7/(-35